 ((8 - -55) + -71)?
46
What is the value of (13 - 26) + 11 + 15 + 6 + -64?
-45
What is 62 - ((-19 - (-9 + -6 + 4)) + 15)?
55
-62 + 35 + 75 + -52
-4
Calculate -19 - 28 - ((1 - (4 + 2)) + 3) - -12.
-33
(-7 + 1 - (-15 - -7)) + (10 - (-3 + 32))
-17
Evaluate (4 - -17) + (-23 - 36 - -41) + 73.
76
What is 0 - (-9 + -2 + 2 + -32) - 0?
41
33 + -6 - (83 + -88) - -38
70
Evaluate 667 + -682 - (42 - 1).
-56
-30 + (37 - 24) + 7 + 21 + 15
26
Calculate 4 + 0 + -8 + -2 + -53 + -6 + 41.
-24
What is 2 + 7 - ((178 - 60) + -147 + 27 + 0)?
11
Calculate (-89 - -1) + ((135 - 147) + 13 + 1 - 10).
-96
What is -43 + 6 - ((-5 - ((-5 - 0) + -2)) + -4)?
-35
What is the value of -1 - (5 - (33 - 10)) - 16?
1
Calculate -13 + 6 + (33 - 13 - 8) + -46.
-41
(1 - -13) + (-10 + -37 - (-66 + 44))
-11
What is (95 - 5) + (-1088 - -999)?
1
What is -11 - (2 + -12 + 7 - -25)?
-33
What is (1 + -19 - (34 - 9)) + -2 + -1 + 7?
-39
42 + 2 + (-42 - -27)
29
What is the value of (2551 - 2558) + (11 - 1)?
3
Evaluate 7 + 11 + -9 - (19 + -24 + 25 + -1).
-10
23 - (-86 - -4) - 61
44
10 + (-7 - 76 - -7) + 14 + (-9 - 6)
-67
What is the value of -48 - ((-2 + 2 - (32 - 57 - -36)) + 11)?
-48
Calculate (14 - (55 + -51 - (-8 + -2))) + 4.
4
Calculate 5 + 137 - (29 + (-10 - (-5 - -2))).
120
Calculate -168 - -106 - (-1 - -14).
-75
Calculate -169 - -48 - (-46 - 38).
-37
What is the value of -5 - (-23 + 10 + (-30 - -5))?
33
Evaluate 2 + (-7 - -6) + -112 + 133.
22
Calculate -91 + (-90 - -190) + 29 + -1.
37
Calculate (63 - (66 - -44)) + 6.
-41
What is (23 - (7 + -1 - -9)) + -41 + 13?
-20
What is the value of -5 - (-22 + 37 - 23)?
3
13 + -24 + 7 - (8 - (7 - 2))
-7
What is the value of 8 - (-15 - (0 + -4 - (-9 - -13)))?
15
0 + 57 - ((28 + -60 - -24) + -8)
73
What is the value of 53 - (-34 + 37 - (-6 + (-5 - 0)))?
39
Calculate 18 + -22 + (7 - 33) + 17.
-13
Evaluate -10 + (12 - -2 - (-605 - -615)).
-6
10 + (-17 - -87) - (-52 + 81)
51
Evaluate (-11 - ((-213 - -212) + (1 - 62) + 15)) + -3.
33
38 + 50 + -87 - 27
-26
Evaluate -13 - (11 - (-12 - (1 + 0 + -14))).
-23
What is -11 - -8 - (48 + 44) - 6?
-101
Calculate 26 + 0 + (-186 - -14) + 115.
-31
Calculate -49 + (-21 + 14 - -2) - (8 - 26).
-36
What is the value of (9 - (-8 - -5 - (-4 + 2))) + 40 + -1?
49
Evaluate 173 + -145 + (-44 - 27).
-43
What is the value of -14 + (22 - -4) + -30 - (5 - 10)?
-13
What is -1 - 38 - (-31 + 17 + -7 + 15)?
-33
23 - (49 + -66 - -72)
-32
What is (-29 - (3 + 3 + -11)) + (10 - -2)?
-12
Calculate 6 + -29 + (76 - 43).
10
Evaluate -10 - -4 - -5 - -15 - (154 - 210).
70
Evaluate -70 - ((0 - 1) + (104 - 93)).
-80
Calculate -17 + (56 - 39) + 46 - (3 + -8).
51
Calculate 4 + (1 - 11) + 19 + -24.
-11
60 + 49 + -195 + 7
-79
34 + -11 + 10 + -4 + 3 + 0
32
-52 - (91 + (-24 - 47))
-72
What is the value of -7 - (4 - (-7 - -16)) - ((0 - -70) + 8)?
-80
Calculate (-1 - 20) + 73 + (-59 - (-21 + -40)).
54
What is 0 + 45 + -1628 + 1615?
32
(16 - (-125 + 134)) + 26
33
What is -38 - (-20 + (-84 - -156))?
-90
What is -82 + (28 - -6) + 16 + 94?
62
2 + -11 - (9 - ((2 - 20) + (172 - 164)))
-28
Calculate 121 + (84 - 44) + -132.
29
45 + -31 + -3 + 1 + 27 - 2
37
Calculate (62 - 65) + (4 - 1) - (-22 - -87).
-65
Calculate (6 - 0) + 54 + 9 + (1 + 0 - 9).
61
What is (25 - (43 + -50)) + -29?
3
Evaluate 47 - (-37 + 75) - 27.
-18
What is the value of (-54 - -143) + 32 + -154?
-33
What is 0 + -14 - (-23 + 7 + -26 + -10)?
38
What is the value of -5 + 12 + -105 + (43 - 27)?
-82
What is the value of -32 + -35 - -43 - (-9 + 73)?
-88
Evaluate (15 + -57 - (-10 + 35 + -18)) + (-3 - 0).
-52
Evaluate (-7 - (8 + -13) - (-1 - -5)) + (-157 - -236).
73
What is 60 + 23 + -107 + 128 + 1 + -4?
101
Calculate (-22 - -5 - -25) + (-8 - (-1 - -2)) - 40.
-41
Evaluate 1 + 20 + -19 + (-95 + 29 - 7).
-71
What is -402 + 355 + 4 + (4 - 0)?
-39
What is (10 - 1) + (-42 - (13 + 11 - 19))?
-38
Calculate 1 + -8 + -2 + (54 - 11 - 6) + 50.
78
What is the value of 29 + (-15 + 52 - 81) + 68?
53
What is (-49 - -55) + (-2 - (37 - -4))?
-37
Evaluate (11 + -11 + -61 - -13 - (0 - -1)) + 7.
-42
-39 + (120 - 4) + -69
8
Calculate -23 - -53 - -35 - 11.
54
-78 + -24 + -43 + 107
-38
What is the value of -37 - (30 - 46) - -62?
41
Calculate 0 + 19 - ((7 - (-37 + 15)) + 22).
-32
Calculate 31 - (-12 + 23) - (-4 + -4 + -15 + 15).
28
Calculate -15 + (-4 - 51) + (-13 - 3) + 10.
-76
(-340 - -229 - -227) + -1 + -36
79
What is (13 + 7 - (45 - -1)) + 17?
-9
Evaluate 85 + -7 + -55 + (-6 - (3 - 2)).
16
31 + (24 - 25 - 33)
-3
Evaluate (-148 - -139) + -9 + 30.
12
What is the value of 7 - 2 - 89 - (52 + -48)?
-88
Calculate (19 - (22 - 6) - 24) + -21.
-42
What is the value of -13 - (-14 + (35 - -26))?
-60
What is the value of -40 - (12 + -24 + 6 + -12)?
-22
What is the value of 147 - 7 - (0 - (-10 - -11)) - 17?
124
Calculate -2 + -1 + (24 - 21 - -48) + -17.
31
Evaluate -37 + (-5 - 20 - 16).
-78
What is (-14 - 21) + 22 + (5 - 2 - 3)?
-13
What is -95 - -70 - (18 + -33)?
-10
Calculate (77 - 10) + -22 + -3 + 4 + 2.
48
Calculate 21 + (-6 - ((5 - 12) + 7)) + 17.
32
What is the value of -1 + (28 - 12) - (-9 + -3)?
27
Evaluate 18 + (-7 - (25 + (-11 - 1))) + (61 - 0).
59
What is 135 + -176 - (-8 - 12)?
-21
Calculate 28 + (60 - (-12 - -87)).
13
Evaluate 10 + -7 - 1 - (1 - (10 - 24)).
-13
What is the value of (13 - (3 - -2) - -3 - 27) + -59?
-75
Evaluate 23 + -56 + (93 - 35).
25
(4 - 3) + 32 - (23 - (-20 - (-47 - -11)))
26
Evaluate (1497 - 1483) + 0 + 1 + -13 + 10.
12
What is the value of (75 + -67 - -1) + 46?
55
Calculate 13 + (-2 - -2) + 27 + -14 + 27.
53
Evaluate 1096 + -1094 - ((-1 - -11 - 6) + 133).
-135
Calculate 35 + 1 + (581 - 591) - -30.
56
Calculate 17 + (-8 + (-21 - -47) - -6).
41
Calculate 2 - 7 - (289 - 328).
34
Evaluate (89 - 98 - (-1 + -11)) + 3 + 60 + -2.
64
22 - (-12 - 2) - -51 - -2
89
Evaluate -56 + -9 - -11 - ((30 - 16) + -18).
-50
Calculate 65 + (66 - -85 - 93).
123
What is 26 + (28 + -20 - 32) - 63?
-61
What is the value of 8 - (45 + 11 + -29) - -12 - 78?
-85
Evaluate -2 - (-21 + 5) - (-538 - -535).
17
What is 72 - (8 - (20 - 14 - -7)) - 16?
61
What is the value of (57 - 21 - -144) + -108?
72
What is the value of 9 + (11 - 4) - (55 + -62)?
23
What is the value of (88 - 83) + 28 + -4 - 38?
-9
Calculate (55 - 61 - -39) + (-20 - -1).
14
What is -5 + (-40 - (10 + -34)) + 37?
16
Evaluate (36 - -39 - -66) + -28.
113
0 + 1 + -17 + (209 - (-419 - -612))
0
What is the value of 24 + -6 + 0 + -46 + 23?
-5
What is (73 - (113 + (27 - 16))) + 20 + -1?
-32
Evaluate ((13 - 43) + 100 - (0 - 14)) + -16.
68
What is (56 + 4 - (3 + -7)) + (-22 - (9 - 42))?
75
Calculate 13 + (-8 - -2) + -15 + 60.
52
13 + (21 - (-20 + 45)) - 12
-3
What is the value of 40 - (-18 + 38) - -23?
43
Evaluate 123 + -211 - -153 - 136.
-71
-1 - -13 - ((83 - 55) + 25)
-41
-2132 + 2065 - (-116 + -1)
50
Evaluate 11 - 10 - (62 + 22 + -30).
-53
Evaluate (-4 - (-16 - -7)) + (-12 - (0 - -17 - 23)).
-1
Evaluate 2 + -41 + 0 + -3 + 16 + -61 + 43.
-44
5 + -127 - (2302 - 2322)
-102
Evaluate -2 + -14 + 782 + -794.
-28
Calculate (-101 - -49) + 47 - (-3 + (-67 - 3) + -2).
70
Calculate 2 - -19 - (-37 - -32 - -6) - 8.
12
What is the value of 5 + (7 - 5 - 9) + (-2 - (-2 - -14))?
-16
Calculate 7 + -2 + 1 + 71 + (-31 - -40).
86
Calculate -79 - (-25 - (-17 + 2) - -7 - -21).
-97
Calculate -3 + (-6 - -10 - 6) + (-24 - 4).
-33
Evaluate 3 - (6 + 24) - (-3 + 6) - (-30 - -40).
-40
What is the value of 16 + -15 - -34 - 3?
32
Evaluate (14 - (-52 - 7)) + -78.
-5
0 + -7 + (-2 - -5 - -15)
11
Calculate -3 + 2 + -8 - -16 - (9 + 31 + -1).
-32
-17 + 25 + (-16 - -12 - 11) + -5 + -2
-14
Evaluate (42 - 5 - 19) + 8 + -32.
-6
-6 - (30 - (15 + 70))
49
What is 22 - (-134 - (-190 + 97))?
63
Evaluate -42 + 6 - (222 - 235) - 67.
-90
Evaluate -3 + (-13 - (-61 - -15)).
30
What is the value of (-14 - (16 + 11 + -30)) + 5?
-6
What is the value of -4 - (38 + -25 + 3 + 7 + -3)?
-24
-7 + 72 + (248 - 256 - (-1 - (-2 + -3)))
53
What is 9 - (4 + 0 + -62 + -171 + 177)?
61
Calculate 18 + 39 + (-13 - -18) - (-23 + 22).
63
Evaluate 2 + -136 + 1 - (32 + -64 + 44).
-145
What is (74 + 1 - (-26 + 35)) + (33 - 16)?
83
Evaluate -2 + 34 + -112 + 118 + -27.
11
Calculate 7 + 6 + -17 + -3 + -3 + (1 - -48).
39
Calculate -21 - (56 + 40 + (-19 - 11)).
-87
(49 - 127) + 36 - -18
-24
What is the value of (-12 + 4 + 23 - -7) + -73?
-51
What is the value 